89 prime?
False
Is 511568287 a prime number?
True
Is 55694823319 a composite number?
True
Is 1359765851 a composite number?
False
Is 157054947289 prime?
True
Is 249597521 a prime number?
True
Is 229778221 composite?
False
Is 908032813 a prime number?
True
Is 37141219391 composite?
True
Is 188293588577 a composite number?
True
Is 1669235947 prime?
True
Is 41595514061 prime?
True
Is 14772212381 a prime number?
True
Is 94290353 a composite number?
False
Is 1588566121 a composite number?
False
Is 135484443793 a composite number?
True
Is 55160797 prime?
False
Is 2387421301 a composite number?
True
Is 10841332549 prime?
False
Is 2502373561 a composite number?
False
Is 21610304059 a composite number?
False
Is 8268849227 composite?
False
Is 969341491 prime?
True
Is 1583977001 a composite number?
False
Is 3465023149 prime?
False
Is 5427126373 prime?
True
Is 7618911191 a composite number?
False
Is 79601117 composite?
True
Is 27920805377 a prime number?
True
Is 618725518 a prime number?
False
Is 56847110821 a composite number?
False
Is 281905277 a prime number?
False
Is 517117225057 a prime number?
True
Is 134094661 a composite number?
False
Is 2085388447 prime?
True
Is 1927602977 composite?
True
Is 823405097 a composite number?
False
Is 2543023049 prime?
False
Is 74375233703 a composite number?
False
Is 2070566567 prime?
False
Is 1428320983 a prime number?
True
Is 13614302679 prime?
False
Is 2603204831 a prime number?
True
Is 1565190301 composite?
True
Is 322955322737 a composite number?
False
Is 1889050517 prime?
False
Is 1975183835 a prime number?
False
Is 1706852873 a composite number?
True
Is 9559437611 composite?
False
Is 2745731389 prime?
True
Is 10468080169 a composite number?
False
Is 7634671879 a composite number?
True
Is 56123254399 a composite number?
False
Is 12025364471 a prime number?
False
Is 17172740933 prime?
False
Is 287080397 a composite number?
False
Is 1012150497 composite?
True
Is 989323781 composite?
False
Is 1994442713 prime?
True
Is 216684487 a prime number?
True
Is 1598372547 prime?
False
Is 4290005749 prime?
False
Is 26710011749 composite?
True
Is 165835834747 prime?
False
Is 114657769 a prime number?
False
Is 29082818827 composite?
False
Is 8679985451 prime?
False
Is 30244457 a prime number?
True
Is 1188834805 composite?
True
Is 13017227987 prime?
False
Is 910520815 a composite number?
True
Is 1251920483 a composite number?
True
Is 36184633559 a prime number?
True
Is 796701629 a prime number?
True
Is 2079560255 a composite number?
True
Is 2059417693 composite?
True
Is 6285955283 prime?
False
Is 3027401959 a prime number?
False
Is 794928391 composite?
False
Is 7797937943 prime?
False
Is 3175285403 a composite number?
False
Is 5656516447 a composite number?
True
Is 3594746459 prime?
True
Is 2371735913 a prime number?
False
Is 14547466874 prime?
False
Is 622046731 a prime number?
True
Is 14446163 a composite number?
True
Is 4919074169 a composite number?
False
Is 722401613 a prime number?
True
Is 18208687802 prime?
False
Is 19910687 prime?
True
Is 1115359621 prime?
True
Is 286525007 a composite number?
True
Is 350098449 a prime number?
False
Is 20219981018 a composite number?
True
Is 110562469 prime?
True
Is 575986846 a prime number?
False
Is 3969191647 composite?
True
Is 297670904227 a composite number?
False
Is 273326047 composite?
True
Is 120185401 prime?
False
Is 190841923 composite?
True
Is 8366164369 composite?
False
Is 38249507683 prime?
False
Is 6474257389 composite?
False
Is 1421162851 prime?
True
Is 186463157 prime?
False
Is 4274657087 a composite number?
True
Is 4880434901 a composite number?
False
Is 650146747 a prime number?
False
Is 40679925691 prime?
True
Is 18973044215 a composite number?
True
Is 5401829009 composite?
False
Is 157943530967 prime?
True
Is 5579160319 a composite number?
True
Is 370854602 prime?
False
Is 75858852107 prime?
False
Is 54885949 prime?
True
Is 8027781587 composite?
True
Is 8354166853 composite?
False
Is 4638757841 a composite number?
False
Is 12251053777 a composite number?
True
Is 194603369529 prime?
False
Is 8721692141 a composite number?
True
Is 1111602611 composite?
True
Is 473199869 a prime number?
True
Is 66836017399 composite?
False
Is 24746896249 a prime number?
True
Is 1136365229 a composite number?
False
Is 1885524781 prime?
False
Is 1277533249 a composite number?
False
Is 221716749623 composite?
False
Is 9885310493 prime?
True
Is 768434333 a prime number?
False
Is 4306095863 a composite number?
False
Is 87836508385 a prime number?
False
Is 4177565183 composite?
True
Is 735223673 composite?
True
Is 74462597 composite?
True
Is 2731561757 composite?
False
Is 16627708577 a prime number?
True
Is 1351835707 a composite number?
False
Is 101913260321 a prime number?
True
Is 1327473761 composite?
True
Is 4265023541 a prime number?
False
Is 102475301 a prime number?
True
Is 61345965127 prime?
True
Is 366340487 prime?
True
Is 36680503 a composite number?
False
Is 4666126233 a prime number?
False
Is 663564511 composite?
False
Is 4150923587 prime?
False
Is 621211771 prime?
True
Is 1157434883 a prime number?
False
Is 414369287 a composite number?
False
Is 2448373723 composite?
False
Is 22080446273 prime?
True
Is 98375205893 prime?
False
Is 871177117 composite?
True
Is 12477078483 a prime number?
False
Is 246658865419 prime?
False
Is 203699939 a composite number?
True
Is 7232009023 prime?
True
Is 5873024191 a composite number?
False
Is 1574725519 a composite number?
False
Is 11262748733 composite?
False
Is 31017679519 a prime number?
False
Is 5440581487 composite?
True
Is 11369877143 composite?
False
Is 1090594789 a composite number?
False
Is 4339624691 composite?
False
Is 1012924457 a composite number?
False
Is 46474760621 a composite number?
False
Is 262764953 prime?
False
Is 1086465841 a composite number?
False
Is 78097602571 a composite number?
False
Is 262219537 a prime number?
False
Is 254838533 a prime number?
True
Is 853210717 a prime number?
True
Is 1057525697 prime?
False
Is 5928892381 a prime number?
True
Is 27270172717 composite?
False
Is 46845576841 a prime number?
False
Is 276470123 a composite number?
True
Is 334318139 composite?
False
Is 3348917171 prime?
False
Is 2594333237 a prime number?
False
Is 145706812759 a composite number?
False
Is 16810221241 a composite number?
True
Is 155433631 a composite number?
False
Is 4942276217 composite?
False
Is 26316150437 a composite number?
False
Is 433438525731 a prime number?
False
Is 132589372639 composite?
False
Is 291411076969 a composite number?
True
Is 33684901777 a composite number?
True
Is 42562308189 prime?
False
Is 461729351 a composite number?
False
Is 711876917 a composite number?
False
Is 70298923 a composite number?
True
Is 851228719 a prime number?
False
Is 7578798823 a prime number?
True
Is 9141610069 prime?
False
Is 2858489507 a composite number?
False
Is 364110989 a composite number?
True
Is 2858019127 a composite number?
True
Is 1161339797 a prime number?
True
Is 490630709 prime?
False
Is 14732266007 prime?
False
Is 4233899 prime?
False
Is 60690874171 prime?
True
Is 697215881 prime?
False
Is 6528989479 composite?
False
Is 9759403273 composite?
False
Is 1525825747 composite?
False
Is 1996793957 a prime number?
True
Is 99416241809 composite?
True
Is 14187907 a prime number?
False
Is 92666573569 prime?
False
Is 4435810123 a prime number?
True
Is 628980101 prime?
False
Is 23640757223 composite?
True
Is 3873060131 a composite number?
False
Is 29700580489 a prime number?
False
Is 3111849553 a prime number?
False
Is 74303943841 a composite number?
True
Is 4992061493 prime?
False
Is 6899720941 a composite number?
True
Is 20150588231 prime?
False
Is 41037948319 a composite number?
False
Is 330029911 a prime number?
False
Is 35555171297 a composite number?
False
Is 884061827 a composite number?
True
Is 10187965127 composite?
True
Is 1628657141 a composite number?
False
Is 3699572501 a prime number?
False
Is 276321019171 a prime number?
True
Is 480244087 a prime number?
False
Is 254827301 a prime number?
False
Is 15545794423 a composite number?
False
Is 137579009 composite?
True
Is 1745193623 a composite number?
True
Is 11381963 prime?
True
Is 27631068053 a composite number?
True
Is 9500885897 composite?
True
Is 592963793 